 (-1521)/21. Suppose 0 = -2*j - 2*j + 36. Calculate the highest common factor of j and i.
9
Let r be 2716/98 - (-1 + 10/14). Calculate the highest common factor of r and 28.
28
Let c be 7 + (-2 - 0 - -5) - -2. Calculate the highest common divisor of c and 108.
12
Let h(j) = j**3 - 2*j + 6. Let p be h(5). Let l be ((-40)/(-6))/(5/15). Let o = l - 9. What is the greatest common factor of o and p?
11
Suppose -4*m - 6*i + 17 = -11*i, 2*m = 5*i + 1. What is the greatest common divisor of m and 128?
8
Let l = 87 + -79. Calculate the greatest common factor of 104 and l.
8
Suppose 6*h = 4*h + 24. Suppose 0*o + 5*o = 0. Suppose -r - 4 + 7 = o. What is the highest common factor of h and r?
3
Suppose -23 - 10 = -3*g. What is the greatest common divisor of 88 and g?
11
Let g = -34 + 47. Suppose -2*a + 7 = -g. Calculate the greatest common divisor of a and 110.
10
Let c be 912/18 + (-2)/(-6). Let d = c + -31. Suppose 0 = 5*z - 4*m - 18, z + 5*m = 6*z - d. What is the greatest common divisor of z and 4?
2
Suppose -18*r + 1235 = -5*r. Calculate the greatest common divisor of 38 and r.
19
Let w(r) = r**3 - 6*r**2 + 7*r + 2. Let l be w(6). Calculate the highest common factor of l and 22.
22
Suppose 4*h + 3*b - 47 = -12, 0 = -5*h + 3*b + 37. Let i be (-2)/(-3) + h/6. Let m be (26/4)/(i/4). Calculate the greatest common divisor of m and 13.
13
Let f(v) = 4*v**2 - 1. Let o be f(-1). Suppose 0 = -w - o*w. Suppose 5*y - 65 - 135 = w. What is the greatest common factor of 4 and y?
4
Let j be ((-1)/(-2))/(7/56). Calculate the highest common divisor of 4 and j.
4
Let f = 11 - 21. Let g be (-115)/f - (-2)/(-4). Calculate the highest common divisor of 33 and g.
11
Let b be 1/3 + (2 - (-11)/3). Suppose -7*f = -3*f. Suppose -3*n = -f*n - 5*g - 27, -2*n - 2*g = -2. Calculate the greatest common factor of n and b.
2
Let k = -148 + 213. Suppose -4*s + 52 = i, -7*s + 2*s + k = 5*i. Let y = 26 - -26. What is the greatest common factor of s and y?
13
Let g = 7 + -7. Suppose -5*a + 758 = u, 3*a - 2*u - 3*u - 466 = g. Calculate the greatest common divisor of a and 19.
19
Let h(d) = 2 - 16*d**3 - 1 + 4*d - 3*d. Let y be h(-1). What is the greatest common factor of 160 and y?
16
Suppose 3*r = -31 + 157. What is the highest common factor of 105 and r?
21
Suppose -2*q - 3 = q, 0 = -2*t + 4*q + 38. Suppose -5*j + 365 = 3*m, -38 - t = -j + 3*m. Suppose -4*s + 22 = -34. What is the highest common factor of j and s?
14
Let n = 340 + -211. Suppose 5*z + 110 = 5*j - j, 5*j - 2*z = n. Let t = 0 - -5. Calculate the highest common factor of t and j.
5
Let l = -3 + 5. Suppose l*s - q = 430, 5*s + 2*q - 652 = 2*s. What is the highest common divisor of 27 and s?
27
Suppose 3*x - 13*x + 150 = 0. What is the highest common divisor of 75 and x?
15
Let m(y) = y**3 + 3*y**2 - 4*y - 1. Suppose 0 = 3*u - 0*u. Let o be (-7)/(-14)*(u - 6). Let f be m(o). Calculate the highest common factor of 11 and f.
11
Let v(y) = 1. Let p(j) = j + 4. Let u(k) = p(k) - 3*v(k). Let c be u(6). What is the highest common factor of c and 56?
7
Let y = 10 - -59. Calculate the highest common divisor of y and 23.
23
Let c(p) = -p**3 + p**2 - p + 3. Let m be c(0). Let u = 10 + -7. What is the greatest common factor of u and m?
3
Suppose 6*j - 4*j = 26. What is the greatest common divisor of j and 39?
13
Let j = 150 + -75. Calculate the greatest common divisor of 15 and j.
15
Let r(d) = -d**3 + 7*d**2 - 4*d + 5. Let l be r(5). Let n = 7 - -23. Let v be (2 + n/(-8))*-4. What is the highest common factor of l and v?
7
Suppose -5*x - 31 = -4*m - 0, 5*x - 5 = 0. Suppose 1 = -4*a + 13. Calculate the greatest common factor of a and m.
3
Suppose 4*u + 5*a = 74, 2*a - 16 + 62 = 2*u. Calculate the highest common factor of 42 and u.
21
Suppose -5*c = -20 - 15. Suppose 2*r = c + 13. Suppose 3*o + 42 = 3*z - o, -2*z + 5*o = -35. Calculate the greatest common factor of z and r.
10
Let n(w) = -w**3 + 4*w**2 + 6*w - 2. Let l = 2 - 3. Let v = l + 6. Let y be n(v). Calculate the greatest common factor of y and 6.
3
Let x be 10 + 0*(-1)/2. Let b = x - 20. Let k = -6 - b. Calculate the highest common factor of k and 16.
4
Let c(w) = 7*w**2 - 2*w - 7. Let x be c(5). Let p = -48 + x. What is the highest common factor of 10 and p?
10
Suppose -2*n = -5*n + 39. Let x = 488 - 384. What is the highest common factor of x and n?
13
Suppose 12*m + 170 = 14*m. What is the greatest common divisor of 34 and m?
17
Let y(s) = 2*s**3 + 2*s**2 - 2*s + 1. Let o be y(1). Suppose -o*b = b - 312. Suppose -i = 4*i - 65. What is the greatest common divisor of i and b?
13
Let x be (6/(-4))/(4/(-8)) - -52. What is the highest common divisor of x and 11?
11
Let l be 22*(-15)/12*-2. Let r = l + -31. Calculate the highest common divisor of r and 36.
12
Let g = 398 + -203. Calculate the greatest common factor of g and 15.
15
Let a be (-1 + 1)/(2 + 0). Suppose 2*n - 11 - 7 = a. Let u = 1 + n. Calculate the greatest common divisor of u and 90.
10
Suppose 14*p - 12*p - 36 = 0. Suppose -5*d = 5*t - 160, -4*t + d + 112 = 9. Calculate the greatest common divisor of p and t.
9
Let n(z) = 39*z - 7. Let b be n(3). Let g be 1*9 + (1 - 0). What is the greatest common factor of g and b?
10
Suppose 16 = -3*n + 31. Let l be (8/2)/(2/1). Calculate the greatest common divisor of l and n.
1
Let l(g) = -g**3 - g**2 + g + 28. Let n be l(0). Let r = 11 - 6. Suppose -r + 1 = -c. Calculate the highest common divisor of n and c.
4
Let a(w) = w**3 + 3*w + 4. Let g be a(0). Calculate the greatest common factor of g and 12.
4
Let l = -90 + 125. What is the greatest common factor of l and 10?
5
Let k(n) be the third derivative of 13*n**5/60 - n**4/12 - n**3/6 - 2*n**2. Let p be k(-1). Calculate the greatest common factor of p and 112.
14
Let r(h) = 9*h**3 + 4*h**2 + h - 3. Let v be r(3). Let q = -198 + v. Calculate the highest common factor of 9 and q.
9
Let m(s) = 2*s**2 + 2*s - 2. Let o be m(2). Let v = 10 - -30. Calculate the highest common factor of o and v.
10
Suppose 4*u + 4 = 5*u. Let m be (2 + -37)*u/(-10). Suppose -5*x - 39 = -c, -26 = 5*c - 3*x - 111. Calculate the greatest common factor of c and m.
14
Let l(x) = x**3 - 8*x**2 + 8*x + 7. Let k be l(7). What is the greatest common divisor of 14 and k?
14
Suppose -g + 7 = 5*t, -g + 0 - 1 = -3*t. Let p be 3*(-1)/(t/(-9)). Let s = -13 - -22. Calculate the greatest common factor of p and s.
9
Suppose 2 = -4*o + 6. Let l be (-4)/(-3)*(-6)/(-4). Let j = 7 - l. Calculate the highest common divisor of o and j.
1
Let a(q) = 2*q + 5. Let d be a(-4). Let z be -4 - (-68 + (-3)/d). What is the highest common divisor of z and 7?
7
Let z = 4 + 1. Suppose w - z*c + 7 + 10 = 0, 5*w + 3*c - 27 = 0. Suppose 3 = -3*q, -q - 174 = -2*s - w*q. Calculate the greatest common factor of s and 8.
8
Suppose 2*d - 5 = 27. Suppose -4*y = 2*w - 328, y - 3*y = 2*w - 168. Calculate the highest common factor of y and d.
16
Let h(r) = 2*r. Let x be h(2). Calculate the highest common divisor of x and 52.
4
Suppose -y - 5 = -8. What is the highest common divisor of 15 and y?
3
Suppose 9 = 3*s - 3. Suppose 4*a - 3*a - 3 = 0. Let c be (-2)/a - 124/(-6). What is the highest common factor of c and s?
4
Let w = 21 + -3. Suppose -2*z + w = -0*z. What is the greatest common factor of z and 72?
9
Suppose -b + 2*k = -0*k - 17, 0 = 2*b - 5*k - 36. Calculate the highest common divisor of b and 104.
13
Suppose 2*w - 26 = -3*r + 4, -3*w + 27 = 3*r. Calculate the highest common factor of r and 48.
12
Let x = 3 + 0. Suppose -x = -4*c + 3*c, -2*c = 5*o - 306. What is the highest common factor of o and 15?
15
Suppose 0*j = 3*j + 54. Let p be j/(-63) + 354/(-14). Let l be (90/p)/(2/(-5)). What is the greatest common factor of l and 3?
3
Let o = 22 - 10. Let l be 112/(-3)*(-45)/20. Suppose -4*g + o = 0, -2*x + 7 + l = g. Calculate the highest common divisor of x and 4.
4
Let p(a) = -a**2 - 16*a - a**2 + a**2. Let m be p(-8). Calculate the highest common factor of 8 and m.
8
Let x = 2 + 1. Let n be (-2)/(-2) + (8 - 6). Let c be (-84)/(n - 6) - -2. What is the highest common divisor of c and x?
3
Let g(k) = -4*k - 4. Let n be g(-6). What is the highest common factor of 4 and n?
4
Suppose -3*l + 5*l = 4. Suppose 0 = -5*y - 2*t + 40, -l*y = 4*t. Calculate the highest common factor of y and 50.
10
